2138)/(-14) - 1) + 4/14. Suppose 211 + b = 11*s. Is s prime?
False
Let h(v) = v**2 - 2*v - 16. Let c be h(7). Suppose c*s = 14*s + 1465. Is s a composite number?
False
Let v(l) = -3*l**2 + 3*l + 4. Let f be v(3). Let i be 4/(-6)*123/(-2). Let z = i - f. Is z a composite number?
True
Suppose -4*d + 106902 = 4*o + 9138, -4*o + 4*d = -97748. Is o a composite number?
False
Let f(y) = 140*y - 44. Let d be f(12). Suppose 5*u = u + d. Is u a composite number?
False
Let n = 11 + -7. Suppose -n*s + 4*i = -1812, 3*s - i + 10 = 1361. Is s a composite number?
False
Suppose -2*r + 0 = -86. Let u = r - 15. Let g = u + -9. Is g a prime number?
True
Suppose -3*g - 228 = -6*k + k, -4*k + 5*g = -172. Suppose -12 = 5*v + k. Is v/(-30) - 3886/(-10) a prime number?
True
Let u be 1735/10*(-5)/((-15)/(-18)). Is 1*u/(-7) + 88/308 a composite number?
False
Let c(v) = 63*v - 97. Let a(y) = -42*y + 65. Let n(h) = -8*a(h) - 5*c(h). Is n(16) composite?
True
Let j(k) = k + 442. Let v be j(0). Let z = v - 229. Is z prime?
False
Suppose -356 = -2*m + r, 0*m + 539 = 3*m + r. Suppose -m = -j + 958. Is j prime?
False
Let d = 16 + -29. Let b = 15 + d. Is -1 - (-1 - 471 - b) composite?
True
Let q be ((-13)/(-3))/((-6)/198). Suppose 2*c - 4*c + 480 = 0. Let r = q + c. Is r a composite number?
False
Let u(i) = 2*i. Let o be u(1). Let s be -2 + (0 + 21/3)*1. Suppose s*v = 4*v + 2*y + 9, 5*v - o*y = 69. Is v composite?
True
Let r(v) = 3*v. Let f be r(-11). Let x = -23 - f. Suppose -x*p - 84 = -754. Is p prime?
True
Let s(d) = 846*d - 7. Is s(1) a prime number?
True
Suppose 4*p - 2184 = 2*u, -2*u - 574 + 28 = -p. Let d = 769 - p. Is d a composite number?
False
Let y(n) = n**3 + 10*n**2 + 7*n + 1. Let l be (-5)/(-3) + (-2)/(-6). Suppose -5*w = -3*u + l*u - 9, 0 = 2*w. Is y(u) prime?
True
Let h = -28 - -929. Is h prime?
False
Let l(y) = -y**3 - 3*y**2 + y - 3. Let p be l(-4). Let o be (-16)/p - (-2)/(-9). Is 3 - (o - -2)/(-3) a composite number?
False
Suppose 0 = -2*x - 3*x - 20. Let q be (-7)/(7/x) - 1. Suppose -q*j = -g - 7*j + 569, 3*g = 4*j + 1755. Is g prime?
False
Let q be ((25/2)/(-5) + 0)*-180. Let y be (-1)/(-2) - 2332/(-8). Let a = q - y. Is a composite?
True
Suppose 3*s = -2*o + 2949, -3*o + 4*s + 7430 = 2*o. Suppose 4*b - b = -5*c - 4478, 0 = b - c + o. Is (b/4)/((-6)/12) a prime number?
True
Suppose -9*g = -10*g + 4572. Let o = g + -2423. Is o a prime number?
False
Suppose 272 = -13*i - 209. Let a = 22 - i. Is a composite?
False
Suppose 5*i + 729 = 199. Let l be -2*(-1 + i/(-4)). Let f = l + 430. Is f prime?
True
Let x be (-16)/((2/(-80))/1). Let d = x - 301. Is d composite?
True
Let l(j) = 7*j**2 + 23*j + 32. Is l(-19) composite?
True
Let f(i) = 5*i**2 - 10*i - 1. Let o be f(-16). Suppose -3*x + 4*v - 3*v + o = 0, 954 = 2*x - 2*v. Is x prime?
False
Suppose -14769 - 14351 = -m - 3*d, -4*m + d + 116493 = 0. Is m a prime number?
True
Let l be (-2)/((-1)/(-7)*-2). Suppose l = 2*u - 1. Suppose -u*m = 4*v - 468, v + v - 240 = m. Is v prime?
False
Suppose -940 = -t + z + 233, -t + 1175 = -2*z. Suppose -3*a = -0*u - 2*u + t, 389 = -a + 2*u. Let q = a - -554. Is q a composite number?
False
Suppose 0 = 147*u - 174*u + 780867. Is u a prime number?
True
Let w(y) = 46*y**3 - 5*y**2 + 8*y + 1. Is w(4) a composite number?
False
Let g = -66 + 46. Let n = 13 + g. Let f(x) = -x**3 - 7*x**2 + 2. Is f(n) prime?
True
Let t(y) = -163*y**3 - 4*y**2 - 17*y - 69. Is t(-7) a prime number?
True
Let f = 1717 + 2169. Suppose 1623 = 7*z - f. Is z a composite number?
False
Let q be (52/(-12) + 4)*30. Is 1/(-2) - (10905/q - -3) prime?
True
Let y(h) = 134*h**2 + 11*h + 15. Let t(f) = -45*f**2 - 4*f - 5. Let x(g) = 17*t(g) + 6*y(g). Is x(6) prime?
False
Let l(x) = x**3 - x**2 - x - 2. Let u be l(2). Suppose 9*c - 18 = -u*c. Suppose 5*d - 6*k = -c*k + 1685, -d - 5*k = -337. Is d a prime number?
True
Let f be (2/(-6))/((-2)/12). Suppose -f*p + 474 = -788. Is p a prime number?
True
Suppose 582 = -4*f + 6*f. Suppose -3*v + 5 - 2 = -3*l, -4*l + 11 = v. Suppose f = -m + l*m. Is m a composite number?
True
Suppose 22643 = 6*y - 64363. Is y a composite number?
True
Let l be 18*(3 + (-16)/6). Let m(k) = 17*k - 13. Is m(l) a prime number?
True
Suppose 22153 - 4963 = 3*m. Suppose -4*b + m = 2*b. Is b a prime number?
False
Let s be -1 - (-3 - -4) - -1. Let z(y) = -1254*y + 5. Is z(s) a prime number?
True
Let z be (-7 + 4 - -3)/1. Suppose 0*r - 5*r + 1895 = z. Is r composite?
False
Let l(d) = 676*d**2 + 2*d + 2. Let s be l(-1). Suppose 3*p + 3*n + 2*n - s = 0, 5*p = 4*n + 1065. Is p prime?
False
Let v(x) = 157*x + 5. Let t(z) = -z - 1. Let b(c) = 4*t(c) + v(c). Is b(2) composite?
False
Let b(u) = -962*u + 23. Suppose 2*y - 12 = -18. Is b(y) prime?
True
Suppose j = 7*j - 12. Suppose 4*l = -j*m + 3168, 3*l + m + 405 - 2783 = 0. Is l a composite number?
True
Suppose 0 = -2*j - 2*j + 8128. Suppose r = -7*r + j. Is r a composite number?
True
Let u(h) = 8*h**2 - 7*h + 15. Suppose -4*d + 67 = 51. Is u(d) a prime number?
False
Suppose 5*u - 7 = 4*g, -5*g - 2 = -2*u - 6. Suppose -k + 2*k - 55 = 0. Suppose -g*m + m = -k. Is m composite?
True
Suppose 118399 = 10*r - 156991. Is r composite?
False
Suppose 19*j - 4017 = 1588. Is j a composite number?
True
Let n be 12220/15 + 2/(-3). Suppose -5*l + 1366 = x - 2*x, 2*x + n = 3*l. Suppose 4*r = u - 0*u + l, 3*r - 211 = -2*u. Is r prime?
False
Let f(d) be the second derivative of d**4/12 + 4*d**3/3 + 11*d**2/2 + 7*d. Is f(8) composite?
False
Suppose -163*a = -160*a - 38139. Is a prime?
True
Let l = 24 - 26. Is (2217/2)/((-3)/l) a prime number?
True
Let c(i) = -747*i - 43. Is c(-10) a prime number?
False
Suppose -40403 = -14*o + 18131. Is o a prime number?
False
Is (-9916)/(-10) - 225/375 prime?
True
Let f be 42/(-8) + 45/(-60). Let i(b) = 3*b + 6. Let u be i(f). Is (-3)/(u/743)*4 prime?
True
Is (0 - -4) + (32565 - 2) a prime number?
False
Let p(d) = d**3 + 12*d**2 + 2*d + 7. Let w be 14/(-2)*(-34)/119. Suppose 5*o = -5*q - 75, -w*o + 4*q - 10 = o. Is p(o) a composite number?
True
Suppose 43*x + 109795 = 78*x. Is x a composite number?
False
Suppose m - 5*h - 991 = -h, 2*m - 1956 = -5*h. Suppose -5*r + m = -3412. Is r prime?
False
Let o(s) = 24*s + 3. Suppose -5*y - 3 - 7 = 0. Let i(v) = -4*v - 3. Let c be i(y). Is o(c) prime?
False
Let h(g) be the third derivative of g**4/24 + 4*g**2. Let y be h(2). Suppose -y*q + 36 = 10. Is q composite?
False
Let c = 34 + -32. Suppose 4*d = 3*d + 5*p + 26, -4*d + c*p + 86 = 0. Is d a prime number?
False
Suppose 0 = -5*g + 5*t + 40, -g + 4*t + 27 = 2*g. Suppose 0 = -h, -3*j - g*h + 3*h = -1239. Is j composite?
True
Let i be (2 - -2)/2*(-10)/4. Let s(p) = -62*p + 4. Is s(i) prime?
False
Let l(u) = u**3 - 19*u**2 + 19*u - 10. Let y be 1/(-1 - (-88)/84). Is l(y) a prime number?
False
Suppose 0 = 2*p - 392 - 308. Suppose -w - 3*w + p = 3*x, 4*x = w - 97. Let u = w + 0. Is u a prime number?
True
Suppose -14*o + 3513 = -1793. Is o prime?
True
Suppose n + 19 = -23. Let p be (n + 4)*7*-1. Suppose 692 = 2*l - p. Is l composite?
False
Let a(y) = 311*y**2 + 8*y + 2. Is a(5) a prime number?
True
Let p(g) = -86542*g**3 - 6*g**2 - 8*g - 1. Is p(-1) a prime number?
False
Let y(i) = -49*i - 13. Let g be y(-7). Suppose 0 = -4*c + z + z + 430, -3*c - z = -g. Is c a composite number?
False
Let o(w) = -31*w**3 - 5*w - 1. Suppose -4*q = -5*b - 30, 0*b + 3*q = 2*b + 19. Is o(b) a prime number?
True
Let p be (4/(-8))/(3/36). Let k be (8/p)/(8/(-156)). Is 4/k - 10329/(-39) prime?
False
Suppose 5*q = -3*w + 60013, -6*w + 5*q = -2*w - 80064. Is w a composite number?
False
Let r = 127 - -66. Suppose -v + r = 3*h - 298, h + 1938 = 4*v. Is v a prime number?
False
Let a(w) be the second derivative of -409*w**5/20 - w**4/12 - w**3/6 + w. Let o be (2/(-6))/((-4)/(-12)). Is a(o) prime?
True
Suppose 3819 = 3*t - 5*w, 3*t + 1273 = 4*t + 5*w. Is t prime?
False
Suppose 55861 = -13*g + 542516. Is g composite?
True
Let o(y) = -24*y - 73. Is o(-23) prime?
True
Let r(o) = -o**3 + 11*o**2 - 7*o + 5. Suppose 5*h - 22 = 7*h. Let j = -5 - h. Is r(j) prime?
False
Suppose 2*d - 3*d + 573 = 3*s, 4*d = 0. Is s prime?
True
Let x(b) be the first derivative of 73*b**2/2 + 20*b + 19. Is x(9) composite?
False
Suppose 181*b = 73*b + 8886456. Is b prime?
False
Suppose 0*l + 3*l = 135. Is (-7864)/(-10) - 